late d(-19).
-29
Let m(x) = x**3 - 5*x**2 + 15*x - 33. Give m(3).
-6
Let y(a) = 2*a**2 - 18*a + 10. Determine y(7).
-18
Let l(n) = -n - 14. What is l(-7)?
-7
Let w(g) = g**3 + 9*g**2 + 13*g - 6. Calculate w(-6).
24
Let x(m) = -5*m**2 - 2*m + 22. Give x(-4).
-50
Let m(k) = k + 24. What is m(7)?
31
Let g(b) = -b**2 + 18*b + 38. Give g(-2).
-2
Let n(z) = -z**2 + 28*z - 54. What is n(27)?
-27
Let d(o) = 5*o - 39. Calculate d(8).
1
Let q(t) = 2*t**3 + 11*t**2 - 11*t + 4. Give q(2).
42
Let c(w) = -w**2 + 5*w - 8. Calculate c(9).
-44
Let f(w) = w - 14. Calculate f(7).
-7
Let b(p) = -2*p**2 + 7*p - 18. Give b(4).
-22
Let z(p) = 5*p**2 - 4*p + 3. Give z(1).
4
Let w(l) = 10*l + 3. Give w(-8).
-77
Let w(a) = -a**3 + 2*a**2 + 32*a - 2. Give w(0).
-2
Let b(a) = 11*a + 22. What is b(-8)?
-66
Let w(q) = 2*q - 19. Determine w(13).
7
Let b(x) = 2*x**2 - 4*x - 33. Calculate b(5).
-3
Let l(n) = n**2 + 7*n + 6. Determine l(-7).
6
Let b(n) = n**2 - 6*n - 69. Determine b(0).
-69
Let q(g) = -2*g**2 - 18*g - 2. What is q(-9)?
-2
Let l(r) = 40*r + 2. Calculate l(-1).
-38
Let g(a) = -5*a + 5. Determine g(4).
-15
Let h(z) = 75*z + 6. Calculate h(1).
81
Let w(g) = -g**2 - 9*g - 7. Calculate w(-4).
13
Let f(w) = w**3 + w**2 - 10*w + 10. Determine f(3).
16
Let i(q) = 2*q**3 + 20*q**2 + 9*q + 95. What is i(-10)?
5
Let p(o) = o**2 - 7*o + 7. Give p(2).
-3
Let z(c) = c**2 - 30*c - 61. Give z(30).
-61
Let j(c) = 18*c - 45. Calculate j(8).
99
Let f(o) = 3*o - 3. Determine f(6).
15
Let y(t) = 7*t - 10. Determine y(4).
18
Let y(u) = 6*u - 10. Calculate y(-7).
-52
Let n(r) = -35*r**3 - 3*r**2 + 1. What is n(1)?
-37
Let m(f) = -f**2 - 11*f + 35. Calculate m(3).
-7
Let s(p) = -p**3 - 14*p**2 - p - 8. What is s(-14)?
6
Let y(p) = 3*p - 24. Determine y(7).
-3
Let z(w) = 4*w + 1. Calculate z(-4).
-15
Let s(q) = 2*q**2 - 52*q + 85. Give s(25).
35
Let o(x) = -x**2 + 37*x + 131. What is o(40)?
11
Let t(k) = -k**3 - 4*k**2 + 5*k + 2. Calculate t(-4).
-18
Let j(w) = -7*w - 14. Determine j(-8).
42
Let i(c) = c + 13. What is i(-10)?
3
Let k(o) = -13*o - 74. Give k(-8).
30
Let b(x) = -x**3 - x**2 + x + 15. Give b(0).
15
Let m(s) = -s**3 + 14*s**2 - 15*s + 10. What is m(13)?
-16
Let l(p) = p**3 - 10*p**2 - 13*p + 5. Calculate l(11).
-17
Let y(g) = g**3 + 12*g**2 - 29*g + 6. Give y(-14).
20
Let w(j) = -2*j**3 - 41*j**2 + 66*j + 24. Give w(-22).
24
Let r(m) = 38*m + 27. Give r(-3).
-87
Let n(p) = -p**2 - 6*p + 9. Give n(-7).
2
Let s(c) = -c**3 - c**2 - 42. Determine s(0).
-42
Let d(q) = -3*q**2 + 11*q + 21. Calculate d(9).
-123
Let s(w) = 5*w - 273. What is s(55)?
2
Let n(z) = -28*z + 326. What is n(12)?
-10
Let k(a) = 3*a**3 - 4*a**2 + 3. Calculate k(3).
48
Let i(r) = r**3 - 9*r**2 - 50*r - 28. What is i(13)?
-2
Let r(l) = -l**3 - 3*l**2 + 10*l + 24. What is r(-4)?
0
Let l(x) = x**3 - 6*x**2 + 5*x + 17. What is l(4)?
5
Let r(n) = -n**2 + 3*n + 18. Determine r(6).
0
Let r(n) = -2*n - 28. What is r(-13)?
-2
Let o(x) = -3*x + 47. What is o(22)?
-19
Let d(w) = w**3 + 9*w**2 - 5*w + 9. Give d(-9).
54
Let c(s) = -s**2 - 16*s + 12. Calculate c(0).
12
Let f(c) = 3*c - 77. Calculate f(27).
4
Let r(k) = 36*k + 112. What is r(-3)?
4
Let s(m) = m**3 - 7*m**2 - 4*m + 35. Determine s(7).
7
Let i(j) = j**2 - 2*j - 42. Determine i(6).
-18
Let k(w) = -w**2 - 13*w - 13. Determine k(-12).
-1
Let c(u) = -6*u**3 - u**2 + 2*u - 1. Calculate c(1).
-6
Let k(g) = -g**3 + 6*g**2 + 15*g + 1. Determine k(7).
57
Let c(k) = 5*k - 14. Calculate c(7).
21
Let p(r) = r**3 - 20*r**2 + 17*r + 38. Determine p(19).
0
Let x(z) = z**2 + 5*z - 42. Determine x(7).
42
Let p(n) = 30*n**2 - 5*n - 3. Give p(-1).
32
Let s(r) = r**2 + 13*r - 50. Give s(-16).
-2
Let v(s) = s**3 - 12*s**2 - 27*s - 18. Calculate v(14).
-4
Let h(k) = k**3 + 6*k**2 + 6*k - 8. What is h(-2)?
-4
Let b(d) = -3*d + 34. What is b(-16)?
82
Let u(w) = w**3 + 8*w**2 - 49*w - 18. Determine u(-12).
-6
Let a(r) = -r**3 + 7*r**2 - 6*r - 29. Determine a(5).
-9
Let s(k) = 2*k**2 + 19*k - 44. Calculate s(0).
-44
Let z(g) = -4*g - 2. Calculate z(-5).
18
Let c(z) = z**3 - 6*z**2 + 7. What is c(7)?
56
Let k(t) = -t**3 - 26*t**2 + 6*t + 1. Calculate k(-26).
-155
Let n(p) = -30*p. Determine n(-1).
30
Let h(c) = 27*c - 467. What is h(17)?
-8
Let v(t) = -t**3 - 10*t**2 - 6*t + 11. Calculate v(-10).
71
Let v(s) = -s**2 + s. Determine v(3).
-6
Let y(x) = 7*x**2. Give y(1).
7
Let k(w) = w**2 - 6*w + 15. What is k(3)?
6
Let v(h) = -h**2 - 23*h + 154. What is v(5)?
14
Let a(s) = 2*s**3 + 27*s**2 + 15*s + 16. Give a(-13).
-10
Let x(h) = -7*h**3 + h**2 - 8*h + 8. Calculate x(1).
-6
Let d(j) = 2*j**2 - 6*j - 1. What is d(4)?
7
Let b(t) = -44*t + 1. What is b(-1)?
45
Let r(l) = 4*l**2 + 18*l + 14. What is r(-6)?
50
Let m(a) = -a**3 - 2*a**2 - 7*a + 15. Determine m(0).
15
Let i(n) = -2*n**2 + 31*n - 30. Calculate i(14).
12
Let q(t) = 5*t**2 + 10*t + 3. Determine q(-2).
3
Let h(q) = 32*q - 14. What is h(-2)?
-78
Let h(i) = -3*i - 50. Determine h(-16).
-2
Let h(b) = -13*b - 6. Give h(0).
-6
Let i(k) = k**2 + 30*k + 77. What is i(-27)?
-4
Let i(t) = -t**2 + 9*t - 8. What is i(9)?
-8
Let y(q) = -2*q**3 - q**2 - q - 4. What is y(-3)?
44
Let d(t) = 21*t**3 + t**2 + 3*t + 2. What is d(-1)?
-21
Let f(t) = -4*t**2 - 25*t - 7. Calculate f(-5).
18
Let u(v) = -v**3 - 3*v**2 - 6*v - 2. Give u(-4).
38
Let j(k) = k**2 + 8*k + 7. Give j(-7).
0
Let y(j) = j + 23. What is y(-29)?
-6
Let s(z) = -z + 107. Determine s(27).
80
Let d(j) = -7*j - 20. Determine d(9).
-83
Let h(j) = -j**3 - 6*j**2 + 3*j - 11. Give h(-7).
17
Let l(a) = 3*a - 13. What is l(4)?
-1
Let a(u) = 3*u - 5. Determine a(11).
28
Let m(f) = 10*f**3 - 6*f**2 + 4*f + 1. Give m(1).
9
Let i(n) = n - 1. What is i(-9)?
-10
Let i(s) = 14*s - 12. Calculate i(5).
58
Let b(q) = -4*q + 14. Give b(6).
-10
Let z(t) = -8*t + 9. Calculate z(0).
9
Let c(o) = -20*o - 32. What is c(-5)?
68
Let x(d) = -2*d**3 + 3*d**2 - 3*d + 3. Calculate x(2).
-7
Let z(s) = -s - 5. Calculate z(-6).
1
Let q(l) = l**3 + 5*l**2 + 4*l + 3. Calculate q(-4).
3
Let v(c) = -c**2 + 2*c + 28. Calculate v(-6).
-20
Let i(n) = -5*n + 9. Determine i(2).
-1
Let z(q) = -q**3 - 10*q**2 - 4*q - 33. Determine z(-10).
7
Let z(k) = 2*k**3 + 82*k**2 - 86*k - 89. What is z(-42)?
-5
Let o(z) = -z**2 + 3*z + 38. Give o(6).
20
Let z(n) = 3*n + 2. Give z(-5).
-13
Let n(o) = -4*o + 1. Calculate n(4).
-15
Let x(g) = g**3 - 16*g**2 + 16*g - 16. Calculate x(15).
-1
Let u(h) = -h - 7. Determine u(7).
-14
Let u(p) = 2*p**2 - 41*p + 5. What is u(20)?
-15
Let q(i) = -3*i - 23. Give q(-8).
1
Let b(m) = 2*m**3 + 4*m**2 + m. Calculate b(-3).
-21
Let t(v) = 2*v**2 + 21*v - 18. What is t(-11)?
-7
Let g(w) = 2*w**2 - 13*w - 20. Give g(11).
79
Let f(t) = 3*t**3 + 4*t**2 - 4*t + 8. Calculate f(2).
40
Let z(q) = -11*q + 2. What is z(-5)?
57
Let d(s) = -26*s - 2. Determine d(2).
-54
Let j(c) = -c**3 + 11*c**2 - 2*c - 7. Calculate j(10).
73
Let h(d) = -d**2 - 16*d + 4. What is h(-14)?
32
Let d(x) = -5*x + 30. What is d(7)?
-5
Let q(b) = b**2 - 6*b + 7. Determine q(4).
-1
Let r(l) = l**2 - 4*l + 4. Determine r(7).
25
Let q(b) = b**2 - b + 9. Give q(7).
51
Let i(f) = 3*f**2 + 4*f - 1. Calculate i(-3).
14
Let g(h) = 24*h**2 + 3*h + 1. Give g(-1).
22
Let c(j) = j**2 - 4*j - 114. Calculate c(-10).
26
Let b(r) = -2*r**2 + 4*r - 5. Calculate b(2).
-5
Let r(w) = -w + 8. Give r(-3).
11
Let x(j) = 34*j + 163. Determine x(-5).
-7
Let p(y) = 30*y - 1112. Give p(37).
-2
Let b(w) = w**3 + 15*w**2 + 16*w + 6. Determine b(-14).
-22
Let l(f) = -3*f**2 - 2*f - 3. Calculate l(-1).
-4
Let s(i) = i**3 + i**2 - 11*i - 31. Give s(-3).
-16
Let j(t) = 3*t**2 + t - 21. Determine j(3).
9
Let n(c) = -c**2 - 11*c + 57. Give n(-14).
15
Let t(h) = -28*h + 12. Give t(1).
-16
Let q(m) = 203*m + 403. What is q(-2)?
-3
Let m(v) = -8*v - 1. Calculate m(4).
-33
Let z(u) = -u**3 + 6*u**2 + 4*u. Give z(5).
45
Let w(s) = -s**3 + 2*s**2 - 5. Give w(2).
-5
Let s(h) = 2*h**2 + 84*h + 493. Give s(-35).
3
Let b(p) = 42*p**2 - p - 3. Give b(2).
163
Let n(x) = x**2 + 15*x - 37. Calculate n(-17).
-3
Let c(z) = -z**3 + 8*z**2 + 6*z - 2. Give c(8).
46
Let u(r) = -2*r**2 + 70*r - 59. Determine u(34).
9
Let j(y) = -y**2 + 47*y - 539. Determine j(22).
11
Let x(a) = a - 32. Calculate x(25).
-7
Let i(p) = -p**2 - p + 5. What is i(7)?
-51
Let x(l) = 4*l**2 + 4*l - 3. Calculate x(